{"id":448,"date":"2020-08-13T20:15:50","date_gmt":"2020-08-13T18:15:50","guid":{"rendered":"https:\/\/anwaltskanzlei-holler.de\/?page_id=448"},"modified":"2020-08-13T20:15:50","modified_gmt":"2020-08-13T18:15:50","slug":"corona-massnahmen","status":"publish","type":"page","link":"https:\/\/anwaltskanzlei-holler.de\/index.php\/corona-massnahmen\/","title":{"rendered":"Corona-Ma\u00dfnahmen"},"content":{"rendered":"\n<p>Hinter uns liegen Wochen mit vielen Einschr\u00e4nkungen unseres sonst so freien Lebens. Eine Zeit, in der<br>wir als Gemeinschaft St\u00e4rke und Solidarit\u00e4t bewiesen haben und nach wie vor beweisen.<\/p>\n\n\n\n<p>Nunmehr freuen wir uns Ihnen mitteilen zu k\u00f6nnen, dass unsere pers\u00f6nlichen Besprechungen und<br>Termine wieder weitergehen, allerdings verbunden mit gewissen Einschr\u00e4nkungen, die jedoch nur Ihrer<br>eigenen Sicherheit und der unserer Mitarbeiter dienen.<\/p>\n\n\n\n<p><strong><u>Termine:<\/u><\/strong> Bitte zuvor telefonisch vereinbaren und auch p\u00fcnktlich einhalten um Aufeinandertreffen mit<br>anderen Kunden zu vermeiden. Sollten Sie in den letzten Wochen Kontakt mit Corona-patienten gehabt<br>haben, oder sich selbst irgendwie krank oder unwohl f\u00fchlen oder unter Husten und Erk\u00e4ltung leiden, so<br>nutzen Sie bitte unseren Online-Service per E-Mail, Fax und Telefon!!<\/p>\n\n\n\n<p><strong><u>Desinfektion:<\/u><\/strong> Gerne d\u00fcrfen Sie Ihren eigenen Mundschutz oder Maske mitbringen. Wir stellen<br>Desinfektionsmittel zur H\u00e4ndedesinfektion bereit. Wir desinfizieren regelm\u00e4\u00dfig, in kurzen Abst\u00e4nden,<br>s\u00e4mtliche T\u00fcrklinken und \u00d6ffner mit Fl\u00e4chendesinfektionsmitteln.<\/p>\n\n\n\n<p><strong><u>Praktisches Handling:<\/u><\/strong> Unsere Besprechungen finden mit gebotenem Sicherheitsabstand sowie<br>Plexiglastrennung statt.<\/p>\n\n\n\n<p>Wir bitten um Verst\u00e4ndnis f\u00fcr diese Ma\u00dfnahmen in diesen ungew\u00f6hnlichen Zeiten.<\/p>\n\n\n\n<p><strong>Ihre Kanzlei Holler<\/strong><\/p>\n","protected":false},"excerpt":{"rendered":"<p>Hinter uns liegen Wochen mit vielen Einschr\u00e4nkungen unseres sonst so freien Lebens. Eine Zeit, in derwir als Gemeinschaft St\u00e4rke und Solidarit\u00e4t bewiesen haben und nach wie vor beweisen. Nunmehr freuen wir uns Ihnen mitteilen zu k\u00f6nnen, dass unsere pers\u00f6nlichen Besprechungen undTermine wieder weitergehen, allerdings verbunden mit gewissen Einschr\u00e4nkungen, die jedoch&#8230;<\/p>\n","protected":false},"author":1,"featured_media":0,"parent":0,"menu_order":0,"comment_status":"closed","ping_status":"closed","template":"","meta":{"footnotes":""},"class_list":["post-448","page","type-page","status-publish","hentry"],"_links":{"self":[{"href":"https:\/\/anwaltskanzlei-holler.de\/index.php\/wp-json\/wp\/v2\/pages\/448","targetHints":{"allow":["GET"]}}],"collection":[{"href":"https:\/\/anwaltskanzlei-holler.de\/index.php\/wp-json\/wp\/v2\/pages"}],"about":[{"href":"https:\/\/anwaltskanzlei-holler.de\/index.php\/wp-json\/wp\/v2\/types\/page"}],"author":[{"embeddable":true,"href":"https:\/\/anwaltskanzlei-holler.de\/index.php\/wp-json\/wp\/v2\/users\/1"}],"replies":[{"embeddable":true,"href":"https:\/\/anwaltskanzlei-holler.de\/index.php\/wp-json\/wp\/v2\/comments?post=448"}],"version-history":[{"count":1,"href":"https:\/\/anwaltskanzlei-holler.de\/index.php\/wp-json\/wp\/v2\/pages\/448\/revisions"}],"predecessor-version":[{"id":449,"href":"https:\/\/anwaltskanzlei-holler.de\/index.php\/wp-json\/wp\/v2\/pages\/448\/revisions\/449"}],"wp:attachment":[{"href":"https:\/\/anwaltskanzlei-holler.de\/index.php\/wp-json\/wp\/v2\/media?parent=448"}],"curies":[{"name":"wp","href":"https:\/\/api.w.org\/{rel}","templated":true}]}}