{"id":285,"date":"2016-01-18T19:16:35","date_gmt":"2016-01-18T18:16:35","guid":{"rendered":"http:\/\/www.ra-holler.de\/?page_id=285"},"modified":"2016-01-22T09:20:35","modified_gmt":"2016-01-22T08:20:35","slug":"bussgeldverfahren","status":"publish","type":"page","link":"https:\/\/anwaltskanzlei-holler.de\/index.php\/online-beauftragung\/bussgeldverfahren\/","title":{"rendered":"Bu\u00dfgeldverfahren"},"content":{"rendered":"<h2><strong>Online Service Bu\u00dfgeld<\/strong><\/h2>\n<p><strong>Unsere Leistung<\/strong>:<\/p>\n<ul>\n<li>Wir vertreten Sie bundesweit im Bu\u00dfgeldverfahren vor der Verwaltungsbeh\u00f6rde (Bu\u00dfgeldstelle) und auch, wenn n\u00f6tig vor dem jeweils zust\u00e4ndigen Gericht.<\/li>\n<li>M\u00f6glichst versuchen wir, sollte sich der Vorwurf nicht entkr\u00e4ften lassen, ein eventuelles Fahrverbot zu verhindern und ggf. auch Punkteeintragungen im Verkehrszentralregister (Flensburg) zu vermeiden.<\/li>\n<li>Dazu pr\u00fcfen wir anhand der eingeholten Akteneinsicht nicht nur die Sach- und Rechtslage sondern bei Geschwindigkeitsverst\u00f6\u00dfen auch die Messmethoden, Eichung der Messger\u00e4te oder Anwenderfehler der Polizei o. Ordnungsbeh\u00f6rden.<\/li>\n<li>Die Abwicklung erfolgt bequem \u00fcber Internet u. mail-Postverkehr. So ersparen wir uns l\u00e4ngere Laufzeiten per Post Kostenlos ist bei uns die Anfrage von Deckungszusagen Ihres Rechtsschutzversicherers, ebenso wie eine erste unverbindliche und kostenfreie Ersteinsch\u00e4tzung per Onlineservice oder telefonisch<\/li>\n<\/ul>\n<p><strong>Wie funktioniert die Vertretung im \u201eOnline-Bu\u00dfgeld Verfahren\u201c??<\/strong><\/p>\n<p>Ihnen wird ein Fehlverhalten im Stra\u00dfenverkehr vorgeworfen. Entweder sollen sie beim Autofahren telefoniert haben, sie sollen zu schnell gewesen sein, vielleicht sollen sie auch eine rote Ampel \u00fcbersehen haben oder falsch geparkt haben. Die M\u00f6glichkeiten im Stra\u00dfenverkehr etwas falsch zu machen sind vielseitig und werden \u201edie Rennleitung\u201c aufmerksam oder \u00fcbereifrig war, leidet sie ein Bu\u00dfgeldverfahren gegen sie ein.<\/p>\n<p>Zun\u00e4chst erhalten Sie einen Anh\u00f6rungsbogen. Dort werden schon mal die Einzelheiten des Tatvorwurfs bekannt gegeben, n\u00e4mlich die Tatzeit, der Tatort und welche Ordnungswidrigkeit sie begangen haben sollen.<\/p>\n<p>In diesem Formular werden sie sofort angefragt ob sie \u201edie Tat\u201c zu geben oder nicht. Au\u00dferdem fordert man sie auf verschiedene Angaben zu machen.<\/p>\n<p>Hierbei ist es gut zu wissen das es nicht notwendig ist zur Sache auszusagen sondern dass man nur verpflichtet ist Angaben zur Person zu machen. Alle anderen Angaben sind freiwillig und sollten nur nach R\u00fccksprache mit einem Anwalt abgegeben werden. Mancher hat sich hier schon um Kopf und Kragen geredet.<\/p>\n<p>Ich rate meinen Mandanten in diesem Verfahrensstadium zun\u00e4chst nichts zu sagen, sondern erst mal durch den Anwalt die Ermittlungsakte einzusehen. Dies ist ihr gutes Recht und jede Beh\u00f6rde\/ Polizei \/ Staatsanwaltschaft hat daf\u00fcr Verst\u00e4ndnis.<\/p>\n<p>Manchmal gelingt es bereits hier Anh\u00f6rungsverfahren den Sachverhalt zu kl\u00e4ren um schon mal den Bu\u00dfgeldbescheid zu verhindern womit das Verfahren bereits beendet ist<\/p>\n<p>Dies ist jedoch meistens leider nicht die Regel soll das auch nach erfolgter Anh\u00f6rung sei es durch sie sei es durch Anwalt innen ein Bu\u00dfgeldbescheid ins Haus flattert.<\/p>\n<p><strong>Hellh\u00f6rig muss man werden, wenn dieser Bu\u00dfgeldbescheid, , gut an dem gelben Umschlag zu erkennen, bei Ihnen eintrifft, weil sofort mit Zugang die Rechtsmittelfrist l\u00e4uft. Oben rechts auf dem Bu\u00dfgeldbescheid befindet sich ein viereckiges K\u00e4stchen, in das der Zusteller das Zustellungsdatum eintr\u00e4gt.<\/strong><\/p>\n<h3><span style=\"color: #ff0000;\"><strong>Ab jetzt rennt die Uhr!!<\/strong><\/span><\/h3>\n<p>Dies bedeutet, wenn sie diese Einspruchsfrist vers\u00e4umen ist der Bu\u00dfgeldbescheid rechtskr\u00e4ftig und kann fast nicht mehr angefochten werden. Sp\u00e4testens jetzt sollten Sie, wenn Sie sich gegen den Bu\u00dfgeldbescheid zur Wehr setzen wollen einen Anwalt aufsuchen und Einspruch einlegen.<\/p>\n<p>Heben Sie den Umschlag gut auf, das Datum ist wichtig f\u00fcr die Berechnung der Einspruchsfrist. Im Bescheid wird ein Bu\u00dfgeld gegen Sie festgesetzt und wenn sie Pech haben, unter Umst\u00e4nden sogar ein Fahrverbot angeordnet. Punkte in Flensburg kann es noch obendrauf geben.<\/p>\n<p>Sie haben die M\u00f6glichkeit, binnen einer Frist von zwei Wochen Einspruch einzulegen. Vers\u00e4umen Sie diese Frist, wird der Bescheid rechtskr\u00e4ftig und Sie werden zur Kasse gebeten. Ein Fahrverbot gilt entweder sofort oder Sie m\u00fcssen den F\u00fchrerschein binnen vier Monaten in amtliche Verwahrung geben.<\/p>\n<p>Wollen Sie Einspruch einlegen, m\u00fcssen Sie dies nicht begr\u00fcnden, dennoch ist dies in der Regel sinnvoll.<\/p>\n<p>Sp\u00e4testens jetzt sollten Sie sich uns in Verbindung setzen und eine Vollmacht sowie dem Bu\u00dfgeldbescheid uns \u00fcbersenden (Mail, Fax Post) damit wir Einspruch einlegen k\u00f6nnen.<\/p>\n<p><strong>Welche Kosten entstehen??<\/strong><\/p>\n<p>Im Rahmen des Online-Bu\u00dfgeldverfahrens biete ich Ihnen\u00a0vier unterschiedliche Vorgehensweisen an.<\/p>\n<hr \/>\n<p><strong>1.)<\/strong> <strong>F\u00fcr 55,00 Euro<\/strong> fordere ich f\u00fcr Sie die Ermittlungsakte an und stelle Ihnen diese mit einer kurzen Kommentierung und Ersteinsch\u00e4tzung zur Verf\u00fcgung.<\/p>\n<p>Dies ist das Verfahren, so wie es unter dem anderen \u00dcberpunkt \u201eAkteneinsicht\u201c am schnellsten online zur praktizieren ist.<\/p>\n<p>Sie k\u00f6nnen die Akte selbst \u00fcberpr\u00fcfen und Einwendungen gegen den Vorwurf erheben. <strong>In diesem pauschalen Honorar sind s\u00e4mtliche Kosten f\u00fcr Versand, Beh\u00f6rdenauslagen und Telekommunikationspauschalen sowie die Mehrwertsteuer enthalten<\/strong><\/p>\n<p>Bitte beachten Sie jedoch dass diese Akteneinsicht alleine nur sinnvoll ist, wenn sie sich im Anh\u00f6rungsverfahren befinden und noch keine Rechtsmittelfrist l\u00e4uft!!<\/p>\n<hr \/>\n<p><strong>2.)<\/strong> Ist Ihnen bereits ein Bu\u00dfgeldbescheid zugegangen und die Uhr \u201el\u00e4uft\u201c, so biete ich Ihnen nach \u201efristgerechter \u00dcbersendung des Bu\u00dfgeldbescheides und einer Vollmacht (Downloadbereich!!) an, erst mal <strong>fristwahrend f\u00fcr Sie Einspruch einzulegen<\/strong> und nehme zugleich Akteneinsicht.<\/p>\n<p><strong>F\u00fcr 195,00 Euro ( alles inklusive, also Einlegung des Rechtsmittels, Akteneinsicht und Kopierkosten sowie von mir verauslagter Auslagenpauschale )<\/strong> fordere ich f\u00fcr Sie die Ermittlungsakte an und stelle Ihnen diese zur Verf\u00fcgung.<\/p>\n<p><strong><u>Zus\u00e4tzlich pr\u00fcfe ich den Inhalt der Akte auf offensichtliche m\u00f6gliche Mess-, Auswerte- oder Verfahrensfehler und gebe Ihnen eine schriftliche Einsch\u00e4tzung zu den Erfolgsaussichten<\/u><\/strong>. Diese pr\u00fcfe ich auf offensichtliche m\u00f6gliche Mess-, Auswerte- oder Verfahrensfehler und gebe Ihnen eine schriftliche Einsch\u00e4tzung zu den Erfolgsaussichten.<\/p>\n<p>Au\u00dferdem erhalten Sie Tipps und Hinweise f\u00fcr eine sinnvolle Verteidigungsstrategie.<\/p>\n<p>Das jeweilige Mandat im Online-Bu\u00dfgeldverfahren endet, wenn Sie Zugriff auf die bereit gestellten Dokumente nehmen k\u00f6nnen und meine Rechnung bezahlt ist.<\/p>\n<hr \/>\n<p><strong>3.)<\/strong> W\u00fcnschen Sie eine weitere Vertretung, k\u00f6nnen Sie sich gerne mit mir in Verbindung setzen. Oder rufen Sie mich einfach an. Ich pr\u00fcfe dann die \u00dcbernahme des weiteren Mandats und lasse Ihnen ein Schreiben zukommen, in dem ich Sie \u00fcber die weiteren Kosten informiere.<\/p>\n<p>Der Mandatsvertrag kommt dann aber erst durch schriftliche Best\u00e4tigung Ihrerseits zustande. Die Abrechnung eines solches Mandats erfolgt nach dem Rechtsanwaltsverg\u00fctungsgesetz (RVG).<\/p>\n<p>Die gezahlten Geb\u00fchren aus dem Online-Bu\u00dfgeldverfahren werden selbstverst\u00e4ndlich vollst\u00e4ndig angerechnet.\u00a0 Gerne informiere ich Sie \u00fcber weiter anfallende Kosten.<\/p>\n<hr \/>\n<p><strong>4.)<\/strong> Kommt es dann aufgrund unseres Einspruchs zur Anberaumung eines Gerichtstermins, so werden wir Sie auch in diesem Verfahren werden wir sie bundesweit vertreten, weil wir \u00fcber ein Netzwerk von uns als mindestens fachlich ebenso kompetent wie wir selbst bekannten Anw\u00e4lten verf\u00fcgen, mit denen wir f\u00fcr Sie meist f\u00fcr die m\u00fcndliche Hauptverhandlung einen g\u00fcnstigeren Tarif aushandeln k\u00f6nnen, als ihnen dies gel\u00e4nge. Dadurch k\u00f6nnen wir Ihnen auch f\u00fcr die Vertretung in der m\u00fcndlichen Hauptverhandlung meist einen g\u00fcnstigeren Preis anbieten, als diese \u00fcblicherweise auch ortsans\u00e4ssige Anw\u00e4lte im Wege der Honorar Vereinbarung mit Ihnen machen w\u00fcrden.<\/p>\n<p>Diese Kollegen die sie dann vor Ort vertreten nehmen sich stets die Zeit, von der Verhandlung mit Ihnen nochmals alles durchzusprechen und stehen auch jederzeit w\u00e4hrend der Gerichtsverhandlung f\u00fcr eventuelle R\u00fccksprache mit uns telefonisch in Verbindung.<\/p>\n<p>Aber auch hier legen wir gr\u00f6\u00dften Wert bez\u00fcglich der Kosten das absolute Klarheit und Transparenz besteht und teilen auch Ihnen hier vorher mit, was die Vertretung in der Hauptverhandlung kostet. Letztlich h\u00e4ngt dies auch vom Tatvorwurf, von der Instanz, sowie s\u00e4mtliche weiteren nach den RVG zu ber\u00fccksichtigenden Umst\u00e4nden ab.<\/p>\n<p><strong>Haben Sie eine Rechtsschutzversicherung f\u00fcr Verkehrsrecht?<\/strong><\/p>\n<p>Dann k\u00f6nnen die Anwaltsgeb\u00fchren von dieser \u00fcbernommen werden. Gerne k\u00fcmmere ich mich um die Abwicklung mit Ihrer Rechtsschutzversicherung. Beachten Sie bitte, dass Sie die Kosten bis zur H\u00f6he einer Selbstbeteiligung zu tragen haben, sofern diese im Versicherungsvertrag vereinbart wurde.<\/p>\n<p>Bei erteilter Deckungszusage Ihrer Rechtschutzversicherung erhalten Sie selbstverst\u00e4ndlich bis dahin gezahlte Betr\u00e4ge, nat\u00fcrlich unter Abzug eventueller Selbstbeteiligung zur\u00fcck.<\/p>\n<p>Wenn Sie also diesbez\u00fcglich mit uns in Kontakt treten wollen, so f\u00fcllen Sie bitte nachstehendes Formular aus:<\/p>\n<p><strong>\u00a0<form enctype=\"multipart\/form-data\" method=\"post\" id=\"psfb240\" action=\"https:\/\/anwaltskanzlei-holler.de\/index.php\/online-beauftragung\/bussgeldverfahren\/\" class=\"planso-form-builder\" data-id=\"240\" data-cnt=\"1\" id=\"planso_forms_240_1\" data-locale=\"de\" data-locale_long=\"de_DE\" data-datepicker=\"bootstrap-datetimepicker\" data-date_format=\"j. F Y\" data-moment_date_format=\"D. MMMM YYYY\" data-jqueryui_date_format=\"d. MM yy\" data-eternicode_date_format=\"d. MM yyyy\"><div class=\"container-fluid\"><input type=\"hidden\" name=\"psfb_pageurl\" value=\"https:\/\/anwaltskanzlei-holler.de\/index.php\/online-beauftragung\/bussgeldverfahren\/\"\/><input type=\"hidden\" name=\"psfb_userip\" value=\"216.73.217.56\"\/><input type=\"hidden\" name=\"psfb_useragent\" value=\"Mozilla\/5.0 AppleWebKit\/537.36 (KHTML, like Gecko; compatible; ClaudeBot\/1.0; +claudebot@anthropic.com)\"\/><input type=\"hidden\" name=\"psfb_landingpage\" value=\"http:\/\/anwaltskanzlei-holler.de\/index.php\/wp-json\/wp\/v2\/pages\/285\"\/><input type=\"hidden\" name=\"psfb_referer\" value=\"Direct\"\/><input type=\"hidden\" name=\"psfb_page_id\" value=\"285\"\/><input type=\"hidden\" name=\"psfb_form_submit\" value=\"1\"\/><input type=\"hidden\" name=\"psfb_form_id\" value=\"240\"\/><input type=\"hidden\" name=\"psfb_form_cnt\" value=\"1\"\/><div style=\"display:none\"><input type=\"text\" name=\"psfb_hon_as\"\/><\/div><div style=\"display:none\"><input type=\"text\" name=\"psfb_hon_as2\" id=\"psfb_hon_as2_240_1\" value=\"26106cb11c3eeacbfc0ed0bcfdcee5f9\"\/><\/div><div style=\"display:none\"><input type=\"text\" name=\"psfb_cnt_check\" value=\"1\"\/><\/div><input type=\"hidden\" autocomplete=\"off\" autocorrect=\"off\" name=\"COk-T-fOu-h-m-C-G-y\" value=\"\" \/><div class=\"row\"><div class=\"col-md-12\"><div class=\"form-group psfb-single-container\"><label class=\"control-label\" for=\"psfield_240_1\">Name, Vorname<span class=\"psfb_required_mark\">*<\/span><\/label><input type=\"text\" required=\"required\" data-required=\"required\" name=\"Name__Vorname\" value=\"\" class=\"form-control  \" id=\"psfield_240_1\" style=\"\"\/><\/div><\/div><\/div><div class=\"row\"><div class=\"col-md-12\"><div class=\"form-group psfb-single-container\"><label class=\"control-label\" for=\"psfield_240_2\">Organisation\/Firma<\/label><input type=\"text\" name=\"Organisation_Firma\" value=\"\" class=\"form-control  \" id=\"psfield_240_2\" style=\"\"\/><\/div><\/div><\/div><div class=\"row\"><div class=\"col-md-12\"><div class=\"form-group psfb-single-container\"><label class=\"control-label\" for=\"psfield_240_3\">Stra\u00dfe<span class=\"psfb_required_mark\">*<\/span><\/label><input type=\"text\" required=\"required\" data-required=\"required\" name=\"Stra_e\" value=\"\" class=\"form-control  \" id=\"psfield_240_3\" style=\"\"\/><\/div><\/div><\/div><div class=\"row\"><div class=\"col-md-12\"><div class=\"form-group psfb-single-container\"><label class=\"control-label\" for=\"psfield_240_4\">PLZ<span class=\"psfb_required_mark\">*<\/span><\/label><input type=\"text\" required=\"required\" data-required=\"required\" name=\"PLZ\" value=\"\" class=\"form-control  \" id=\"psfield_240_4\" style=\"\"\/><\/div><\/div><\/div><div class=\"row\"><div class=\"col-md-12\"><div class=\"form-group psfb-single-container\"><label class=\"control-label\" for=\"psfield_240_5\">Ort<span class=\"psfb_required_mark\">*<\/span><\/label><input type=\"text\" required=\"required\" data-required=\"required\" name=\"Ort\" value=\"\" class=\"form-control  \" id=\"psfield_240_5\" style=\"\"\/><\/div><\/div><\/div><div class=\"row\"><div class=\"col-md-12\"><div class=\"form-group psfb-single-container\"><label class=\"control-label\" for=\"psfield_240_6\">E-Mail<span class=\"psfb_required_mark\">*<\/span><\/label><input type=\"email\" required=\"required\" data-required=\"required\" name=\"E_Mail\" value=\"\" class=\"form-control  \" id=\"psfield_240_6\" style=\"\"\/><\/div><\/div><\/div><div class=\"row\"><div class=\"col-md-12\"><div class=\"form-group psfb-single-container\"><label class=\"control-label\" for=\"psfield_240_7\">Fax<\/label><input type=\"tel\" name=\"Fax\" value=\"\" class=\"form-control  \" id=\"psfield_240_7\" style=\"\"\/><\/div><\/div><\/div><div class=\"row\"><div class=\"col-md-12\"><div class=\"form-group psfb-single-container\"><label class=\"control-label\" for=\"psfield_240_8\">Telefon<\/label><input type=\"tel\" name=\"Telefon\" value=\"\" class=\"form-control  \" id=\"psfield_240_8\" style=\"\"\/><\/div><\/div><\/div><div class=\"row\"><div class=\"col-md-12\"><div class=\"form-group psfb-single-container\"><label class=\"control-label\" for=\"psfield_240_9\">Aufnehmende Beh\u00f6rde<span class=\"psfb_required_mark\">*<\/span><\/label><div class=\"radio_wrapper\"><label class=\"radio-inline radio_wrapper\" style=\"\"><input required=\"required\" data-required=\"required\" type=\"radio\" value=\"Polizei\" name=\"Aufnehmende_Beh_rde\" id=\"psfield_240_9_1\">Polizei<\/label><label class=\"radio-inline radio_wrapper\" style=\"\"><input required=\"required\" data-required=\"required\" type=\"radio\" value=\"Staatsanwaltschaft\" name=\"Aufnehmende_Beh_rde\" id=\"psfield_240_9_2\">Staatsanwaltschaft<\/label><\/div><\/div><\/div><\/div><div class=\"row\"><div class=\"col-md-12\"><div class=\"form-group psfb-single-container\"><label class=\"control-label\" for=\"psfield_240_10\">Beh\u00f6rde Stra\u00dfe<span class=\"psfb_required_mark\">*<\/span><\/label><input type=\"text\" required=\"required\" data-required=\"required\" name=\"Beh_rde_Stra_e\" value=\"\" class=\"form-control  \" id=\"psfield_240_10\" style=\"\"\/><\/div><\/div><\/div><div class=\"row\"><div class=\"col-md-12\"><div class=\"form-group psfb-single-container\"><label class=\"control-label\" for=\"psfield_240_11\">Beh\u00f6rde PLZ<span class=\"psfb_required_mark\">*<\/span><\/label><input type=\"text\" required=\"required\" data-required=\"required\" name=\"Beh_rde_PLZ\" value=\"\" class=\"form-control  \" id=\"psfield_240_11\" style=\"\"\/><\/div><\/div><\/div><div class=\"row\"><div class=\"col-md-12\"><div class=\"form-group psfb-single-container\"><label class=\"control-label\" for=\"psfield_240_12\">Beh\u00f6rde Ort<span class=\"psfb_required_mark\">*<\/span><\/label><input type=\"text\" required=\"required\" data-required=\"required\" name=\"Beh_rde_Ort\" value=\"\" class=\"form-control  \" id=\"psfield_240_12\" style=\"\"\/><\/div><\/div><\/div><div class=\"row\"><div class=\"col-md-12\"><div class=\"form-group psfb-single-container\"><label class=\"control-label\" for=\"psfield_240_13\">Aktenzeichen<span class=\"psfb_required_mark\">*<\/span><\/label><input type=\"text\" required=\"required\" data-required=\"required\" name=\"Aktenzeichen\" value=\"\" class=\"form-control  \" id=\"psfield_240_13\" style=\"\"\/><\/div><\/div><\/div><div class=\"row\"><div class=\"col-md-12\"><div class=\"form-group psfb-single-container\"><label class=\"control-label\" for=\"psfield_240_14\">Ich bin bereits Mandant<span class=\"psfb_required_mark\">*<\/span><\/label><div class=\"radio_wrapper\"><label class=\"radio-inline radio_wrapper\" style=\"\"><input required=\"required\" data-required=\"required\" type=\"radio\" value=\"Ja\" name=\"Ich_bin_bereits_Mandant\" id=\"psfield_240_14_1\">Ja<\/label><label class=\"radio-inline radio_wrapper\" style=\"\"><input required=\"required\" data-required=\"required\" type=\"radio\" value=\"Nein\" name=\"Ich_bin_bereits_Mandant\" id=\"psfield_240_14_2\">Nein<\/label><\/div><\/div><\/div><\/div><div class=\"row\"><div class=\"col-md-12\"><div class=\"form-group psfb-single-container\"><label class=\"control-label\" for=\"psfield_240_15\">Rechtsschutz vorhanden<span class=\"psfb_required_mark\">*<\/span><\/label><div class=\"radio_wrapper\"><label class=\"radio-inline radio_wrapper\" style=\"\"><input required=\"required\" data-required=\"required\" type=\"radio\" value=\"Ja\" name=\"Rechtsschutz_vorhanden\" id=\"psfield_240_15_1\">Ja<\/label><label class=\"radio-inline radio_wrapper\" style=\"\"><input required=\"required\" data-required=\"required\" type=\"radio\" value=\"Nein\" name=\"Rechtsschutz_vorhanden\" id=\"psfield_240_15_2\">Nein<\/label><\/div><\/div><\/div><\/div><div class=\"row\"><div class=\"col-md-12\"><div class=\"form-group psfb-single-container\"><label class=\"control-label\" for=\"psfield_240_16\">Name der Rechtsschutzversicherung<\/label><input type=\"text\" name=\"Name_der_Rechtsschutzversicherung\" value=\"\" class=\"form-control  \" id=\"psfield_240_16\" style=\"\"\/><\/div><\/div><\/div><div class=\"row\"><div class=\"col-md-12\"><div class=\"form-group psfb-single-container\"><label class=\"control-label\" for=\"psfield_240_17\">Versicherungsnummer<\/label><input type=\"text\" name=\"Versicherungsnummer\" value=\"\" class=\"form-control  \" id=\"psfield_240_17\" style=\"\"\/><\/div><\/div><\/div><div class=\"row\"><div class=\"col-md-12\"><div class=\"form-group psfb-single-container\"><label class=\"control-label\" for=\"psfield_240_18\">Ich habe die Datenschutzerkl\u00e4rung gelesen und verstanden<span class=\"psfb_required_mark\">*<\/span><\/label><div class=\"radio_wrapper\"><label class=\"radio-inline radio_wrapper\" style=\"\"><input required=\"required\" data-required=\"required\" type=\"radio\" value=\"Ja\" name=\"Ich_habe_die_Datenschutzerkl_rung_gelesen_und_verstanden\" id=\"psfield_240_18_1\">Ja<\/label><label class=\"radio-inline radio_wrapper\" style=\"\"><input required=\"required\" data-required=\"required\" type=\"radio\" value=\"Nein\" name=\"Ich_habe_die_Datenschutzerkl_rung_gelesen_und_verstanden\" id=\"psfield_240_18_2\">Nein<\/label><\/div><\/div><\/div><\/div><div class=\"row\"><div class=\"col-md-12\"><div class=\"form-group psfb-single-container\"><label class=\"control-label\" for=\"psfield_240_19\">Ich habe die Allgemeinen Gesch\u00e4ftsbedingen f\u00fcr eine Online-Vertretung gelesen und verstanden<span class=\"psfb_required_mark\">*<\/span><\/label><div class=\"radio_wrapper\"><label class=\"radio-inline radio_wrapper\" style=\"\"><input required=\"required\" data-required=\"required\" type=\"radio\" value=\"Ja\" name=\"Ich_habe_die_Allgemeinen_Gesch_ftsbedingen_f_r_eine_Online_Vertretung_gelesen_und_verstanden\" id=\"psfield_240_19_1\">Ja<\/label><label class=\"radio-inline radio_wrapper\" style=\"\"><input required=\"required\" data-required=\"required\" type=\"radio\" value=\"Nein\" name=\"Ich_habe_die_Allgemeinen_Gesch_ftsbedingen_f_r_eine_Online_Vertretung_gelesen_und_verstanden\" id=\"psfield_240_19_2\">Nein<\/label><\/div><p class=\"help-block\">AGB &amp; Widerrufsrecht finden Sie <a href=\"http:\/\/www.ra-holler.de\/index.php\/online-beauftragung\/agb-widerrufsrecht\/\">hier<\/a>.<\/p><\/div><\/div><\/div><div class=\"row\"><div class=\"col-md-12\"><div class=\"form-group psfb-single-container\"><label class=\"control-label\" for=\"psfield_240_20\">Ich habe die Widerrufsbelehrung f\u00fcr Verbraucher i.S. des \u00a7 13 BGB gelesen und meine Rechte verstanden<span class=\"psfb_required_mark\">*<\/span><\/label><div class=\"radio_wrapper\"><label class=\"radio-inline radio_wrapper\" style=\"\"><input required=\"required\" data-required=\"required\" type=\"radio\" value=\"Ja\" name=\"Ich_habe_die_Widerrufsbelehrung_f_r_Verbraucher_i_S__des___13_BGB_gelesen_und_meine_Rechte_verstanden\" id=\"psfield_240_20_1\">Ja<\/label><label class=\"radio-inline radio_wrapper\" style=\"\"><input required=\"required\" data-required=\"required\" type=\"radio\" value=\"Nein\" name=\"Ich_habe_die_Widerrufsbelehrung_f_r_Verbraucher_i_S__des___13_BGB_gelesen_und_meine_Rechte_verstanden\" id=\"psfield_240_20_2\">Nein<\/label><\/div><p class=\"help-block\">AGB &amp; Widerrufsrecht finden Sie <a href=\"http:\/\/www.ra-holler.de\/index.php\/online-beauftragung\/agb-widerrufsrecht\/\">hier<\/a>.<\/p><\/div><\/div><\/div><div class=\"row\"><div class=\"col-md-12\"><div class=\"form-group psfb-single-container\"><div style=\"position:relative;z-index:1;\"><button type=\"submit\" class=\"btn btn-primary  \" id=\"psfield_240_21\" style=\"\">Senden<\/button><\/div><\/div><\/div><\/div><\/div><\/form><\/strong><\/p>\n<p><strong>\u00a0<\/strong><\/p>\n<p>&nbsp;<\/p>\n<p>&nbsp;<\/p>\n<p>&nbsp;<\/p>\n<p>&nbsp;<\/p>\n","protected":false},"excerpt":{"rendered":"<p>Online Service Bu\u00dfgeld Unsere Leistung: Wir vertreten Sie bundesweit im Bu\u00dfgeldverfahren vor der Verwaltungsbeh\u00f6rde (Bu\u00dfgeldstelle) und auch, wenn n\u00f6tig vor dem jeweils zust\u00e4ndigen Gericht. M\u00f6glichst versuchen wir, sollte sich der Vorwurf nicht entkr\u00e4ften lassen, ein eventuelles Fahrverbot zu verhindern und ggf. auch Punkteeintragungen im Verkehrszentralregister (Flensburg) zu vermeiden. Dazu pr\u00fcfen&#8230;<\/p>\n","protected":false},"author":1,"featured_media":0,"parent":54,"menu_order":3,"comment_status":"closed","ping_status":"closed","template":"","meta":{"footnotes":""},"class_list":["post-285","page","type-page","status-publish","hentry"],"_links":{"self":[{"href":"https:\/\/anwaltskanzlei-holler.de\/index.php\/wp-json\/wp\/v2\/pages\/285","targetHints":{"allow":["GET"]}}],"collection":[{"href":"https:\/\/anwaltskanzlei-holler.de\/index.php\/wp-json\/wp\/v2\/pages"}],"about":[{"href":"https:\/\/anwaltskanzlei-holler.de\/index.php\/wp-json\/wp\/v2\/types\/page"}],"author":[{"embeddable":true,"href":"https:\/\/anwaltskanzlei-holler.de\/index.php\/wp-json\/wp\/v2\/users\/1"}],"replies":[{"embeddable":true,"href":"https:\/\/anwaltskanzlei-holler.de\/index.php\/wp-json\/wp\/v2\/comments?post=285"}],"version-history":[{"count":6,"href":"https:\/\/anwaltskanzlei-holler.de\/index.php\/wp-json\/wp\/v2\/pages\/285\/revisions"}],"predecessor-version":[{"id":337,"href":"https:\/\/anwaltskanzlei-holler.de\/index.php\/wp-json\/wp\/v2\/pages\/285\/revisions\/337"}],"up":[{"embeddable":true,"href":"https:\/\/anwaltskanzlei-holler.de\/index.php\/wp-json\/wp\/v2\/pages\/54"}],"wp:attachment":[{"href":"https:\/\/anwaltskanzlei-holler.de\/index.php\/wp-json\/wp\/v2\/media?parent=285"}],"curies":[{"name":"wp","href":"https:\/\/api.w.org\/{rel}","templated":true}]}}